{"id":14,"date":"2012-01-24T21:13:16","date_gmt":"2012-01-24T21:13:16","guid":{"rendered":"http:\/\/www.estudiofractal.com\/guerreroycia\/tester\/?page_id=14"},"modified":"2012-03-13T21:35:23","modified_gmt":"2012-03-13T21:35:23","slug":"quienes-somos","status":"publish","type":"page","link":"https:\/\/www.estudiofractal.com\/guerreroycia\/tester\/quienes-somos\/","title":{"rendered":"Qui\u00e9nes Somos"},"content":{"rendered":"<p>RESE\u00d1A HIST\u00d3RICA<\/p>\n<p>Guerrero &amp; C\u00eda. Abogados fue fundado en el a\u00f1o 1979 por el Sr. Jorge Guerrero Vel\u00e1squez, orient\u00e1ndose desde sus inicios a las \u00e1reas corporativa y judicial. En sus m\u00e1s de tres d\u00e9cadas de existencia Guerrero &amp; C\u00eda. Abogados ha adquirido una vasta y s\u00f3lida experiencia en los m\u00e1s diversos \u00e1mbitos del ejercicio profesional, brindando asesor\u00eda jur\u00eddica integral a una amplia gama de clientes, tanto empresas de las m\u00e1s diversas industrias, como personas naturales. El crecimiento de Guerrero &amp; C\u00eda. Abogados ha sido cuidadosamente planificado en el tiempo, de modo de resguardar la debida formaci\u00f3n profesional y \u00e9tica de sus integrantes, manteniendo de tal modo estrictamente el perfil del Estudio.<\/p>\n<p>CLIENTES<\/p>\n<p>Nuestros principales clientes desarrollan sus actividades en distintos \u00e1mbitos de los negocios y actividades productivas, tales como empresas inmobiliarias y constructoras de obras privadas y p\u00fablicas; concesionarias de obras p\u00fablicas; sociedades de inversi\u00f3n, nacionales y extranjeras; empresas inform\u00e1ticas; fondos de inversi\u00f3n; empresas de acuicultura; empresas de comunicaciones; entidades deportivas profesionales; empresas alimenticias y de transportes; entidades educacionales; empresas agr\u00edcolas; sociedades exportadoras, entidades de salud, empresas mineras y de energ\u00edas renovables, entre otros.<\/p>\n<p>&nbsp;<\/p>\n<div>\n<p><!--more--><\/p>\n<p><span style=\"color: #cccc99;\">OUR HISTORY<\/span><\/p>\n<p><span style=\"color: #cccc99;\">Guerrero &amp; Cia.\u00a0 Abogados was founded in 1979 by Mr. Jorge Guerrero Vel\u00e1squez, aiming towards Corporate and Litigation Practices from the beginning. During more than three decades of existence, Guerrero &amp; Cia.\u00a0 Abogados has gained considerable and solid experience in diverse areas of legal practice, providing integral legal advice to a vast array of clients, both companies of all areas and individuals.<\/span><br \/>\n<span style=\"color: #cccc99;\"> The growth of Guerrero &amp; Cia. Abogados has been carefully planned over time, so as to safeguard the proper vocational training and ethics of its members, thus strictly keeping the law firm\u2019s profile.<\/span><\/p>\n<p><span style=\"color: #cccc99;\">CLIENTS<\/span><\/p>\n<p><span style=\"color: #cccc99;\">Our clients develop their activities in several business and production areas, such as real estate companies and public and private construction companies; public works concessionaires; domestic and foreign investment companies; It companies; Investment Funds; fish farming companies; broadcasting companies; professional sport organizations; food and transportation companies; educational organizations; agricultural companies; exporting companies, health care agencies, mining and renewable energy, among others.<\/span><\/p>\n<\/div>\n","protected":false},"excerpt":{"rendered":"<p>RESE\u00d1A HIST\u00d3RICA Guerrero &amp; C\u00eda. Abogados fue fundado en el a\u00f1o 1979 por el Sr. Jorge Guerrero Vel\u00e1squez, orient\u00e1ndose desde sus inicios a las \u00e1reas corporativa y judicial. En sus m\u00e1s de tres d\u00e9cadas de existencia Guerrero &amp; C\u00eda. Abogados ha adquirido una vasta y s\u00f3lida experiencia en los m\u00e1s diversos \u00e1mbitos del ejercicio profesional, brindando asesor\u00eda jur\u00eddica integral a [&hellip;]<\/p>\n","protected":false},"author":1,"featured_media":15,"parent":0,"menu_order":0,"comment_status":"open","ping_status":"closed","template":"page-fullwidth.php","meta":{"footnotes":""},"class_list":["post-14","page","type-page","status-publish","has-post-thumbnail","hentry"],"jetpack_sharing_enabled":true,"_links":{"self":[{"href":"https:\/\/www.estudiofractal.com\/guerreroycia\/tester\/wp-json\/wp\/v2\/pages\/14","targetHints":{"allow":["GET"]}}],"collection":[{"href":"https:\/\/www.estudiofractal.com\/guerreroycia\/tester\/wp-json\/wp\/v2\/pages"}],"about":[{"href":"https:\/\/www.estudiofractal.com\/guerreroycia\/tester\/wp-json\/wp\/v2\/types\/page"}],"author":[{"embeddable":true,"href":"https:\/\/www.estudiofractal.com\/guerreroycia\/tester\/wp-json\/wp\/v2\/users\/1"}],"replies":[{"embeddable":true,"href":"https:\/\/www.estudiofractal.com\/guerreroycia\/tester\/wp-json\/wp\/v2\/comments?post=14"}],"version-history":[{"count":18,"href":"https:\/\/www.estudiofractal.com\/guerreroycia\/tester\/wp-json\/wp\/v2\/pages\/14\/revisions"}],"predecessor-version":[{"id":115,"href":"https:\/\/www.estudiofractal.com\/guerreroycia\/tester\/wp-json\/wp\/v2\/pages\/14\/revisions\/115"}],"wp:featuredmedia":[{"embeddable":true,"href":"https:\/\/www.estudiofractal.com\/guerreroycia\/tester\/wp-json\/wp\/v2\/media\/15"}],"wp:attachment":[{"href":"https:\/\/www.estudiofractal.com\/guerreroycia\/tester\/wp-json\/wp\/v2\/media?parent=14"}],"curies":[{"name":"wp","href":"https:\/\/api.w.org\/{rel}","templated":true}]}}